 + 23 = 2*y. Calculate the remainder when y is divided by (-12)/66 - (-48)/22.
0
Let b = 0 + 3. Let h = 39 - 39. Let p = b + h. What is the remainder when 5 is divided by p?
2
Suppose 5*w = -5*k + 34 + 1, 2*k = 2*w - 2. Suppose 28 = 9*y - 7*y. Calculate the remainder when y is divided by k.
2
Let w = -123 - -274. Let z = w + -58. Calculate the remainder when z is divided by 48.
45
Let b be (1 + 4)*(5 + -6). Let n(r) = -r - 3. What is the remainder when n(b) is divided by 2?
0
Suppose -138 = -13*a + 10*a. Calculate the remainder when a is divided by 25.
21
Suppose -28 = -2*c + 4*o, -3*c = -7*c + 3*o + 56. Let k = 94 - 55. What is the remainder when k is divided by c?
11
Suppose 3*z - 11 = 3*v + 10, 10 = -4*v - 2*z. Let p(c) = 3 + 1 + 2*c - 11*c + 1. What is the remainder when p(v) is divided by 11?
8
Suppose -i = 2*g - 41, -2 = -2*i + 2*g + 68. What is the remainder when i is divided by 9?
1
Suppose -4*p + 4*l = -136, 5*p - 190 = -15*l + 10*l. What is the remainder when p is divided by 20?
16
Let s(i) = 3*i + 30. Let u be s(-9). Suppose m = -0*m - 5*v - 2, 5*v = -u*m + 24. Calculate the remainder when 50 is divided by m.
11
Let c be 370/(-45) + (-2)/(-9). Calculate the remainder when (-1)/1 + (24 - 1) is divided by 155/20 + (-2)/c.
6
Suppose 5*t + 63 = i + 2*i, t + 2*i = -10. Let j be t/(-4) + -1*1. Suppose 0 = -3*w - j*w + 50. Calculate the remainder when 18 is divided by w.
8
Let w(f) = -42*f - 19. What is the remainder when w(-4) is divided by 38?
35
Let f(k) = 19*k + 412. Calculate the remainder when 123 is divided by f(-20).
27
Suppose 0 = -3*b - 2*b. Suppose 0 = 5*c - 2*c - 2*u - 88, -u - 5 = b. Calculate the remainder when c is divided by 7.
5
Suppose 3*k = -3, -2*k = 5*v - 51 + 3. What is the remainder when 28 is divided by 4/v - 304/(-40)?
4
Let j = -17 - -31. Let v = -24 - -35. Suppose g = -v + 65. What is the remainder when g is divided by j?
12
Let w = 419 - 150. What is the remainder when w is divided by 44?
5
Let m = -1 + 3. Suppose 0 = m*t - 40 + 12. Let f(p) = -197*p + 1581. Calculate the remainder when t is divided by f(8).
4
Let h = -34 - -25. Let w(z) = -2*z**2 - 20*z - 4. What is the remainder when 41 is divided by w(h)?
13
Let s be (-2)/(-6)*3 + 59. Suppose 12 = 6*a - s. Suppose 14*o = a*o + 230. Calculate the remainder when o is divided by 29.
28
Suppose 3*j - 163 = -1. Suppose -151*u + 122*u = -406. Calculate the remainder when j is divided by u.
12
Let z(u) be the third derivative of u**4/6 + u**3/6 + 2*u**2. Suppose 2*t = -4*d + 60, -d = -4*d - 3*t + 42. Calculate the remainder when d is divided by z(2).
7
Let p(l) = 2*l**2 + 6*l - 6. Suppose 3*g - 35 = 2*r, 0 = -5*g - 9*r + 8*r + 41. What is the remainder when p(-5) is divided by g?
5
Calculate the remainder when 61 is divided by ((-88)/(-77))/(6/105).
1
Let s be -8 + 6 - (-3 + -1). Suppose -2*a = -s*t + 18, 2*a + a - 22 = -4*t. Let f = -10 - -15. Calculate the remainder when t is divided by f.
2
Let z = -11 - -12. Let d = z - 4. What is the remainder when (-43)/((1 + 2)/d) is divided by 11?
10
Let t(z) = -z**3 - 9*z**2 - z - 3. Let l be t(-9). What is the remainder when 57 is divided by (13 - 3 - -2) + -8 + l?
7
Suppose 0 = 174*t - 176*t + 2. Calculate the remainder when 10 is divided by t/((-3)/12*-4).
0
Let s = -9 - -9. Suppose s = 3*l + 2*g - 2, -4*g - 17 = -3*l - 3*g. Calculate the remainder when 15*(l/3 + -1) is divided by 2.
1
Suppose -57 = -3*v + s, 6*v - 3*v - 5*s = 57. What is the remainder when v is divided by 1?
0
Suppose -2*r + 5*b + 56 = 21, 4*b = 2*r - 32. Suppose 7*a + 45 = r*a. Let m(p) = 6*p**3 + 3*p**2 - 2. What is the remainder when m(2) is divided by a?
13
Let u = -731 + 820. Suppose -t = d - 6*d + 95, -3*t + 57 = 4*d. Calculate the remainder when u is divided by d.
17
Calculate the remainder when 157 is divided by ((-270)/(-72))/(3/(-192)*-6).
37
Let i be 42 - (6*-5)/6. Suppose -40*j + 41*j = i. What is the remainder when j is divided by 17?
13
Suppose 26 = j + j. What is the remainder when 132 is divided by j?
2
Let a = -1 + 37. Let x(s) = 21*s**2 - 3*s + 1. Calculate the remainder when a is divided by x(1).
17
Let r(u) = u + 32. Suppose -2 + 14 = 3*t. Let q(j) = 5*j - 3. Calculate the remainder when r(0) is divided by q(t).
15
Let b = 134 + -72. Suppose 3*f + f = 5*l - 25, 10 = 2*f + 2*l. Calculate the remainder when b is divided by ((-40)/(-25) + f)*10.
14
Suppose n - 119 = -4*c, -5*c + 5*n = -6*c + 44. What is the remainder when 260 is divided by c?
28
Let n = -748 - -838. What is the remainder when n is divided by 37?
16
Let u(v) = -v**2 - 55*v - 315. What is the remainder when u(-48) is divided by 2?
1
Let f = 164 + -159. What is the remainder when 307 is divided by f?
2
Suppose 12*c - 180 = -2*v + 9*c, -5*v + 4*c + 473 = 0. Calculate the remainder when v is divided by 32.
29
Suppose 2*y - 14 + 46 = 0. Let h = y + 35. Calculate the remainder when h is divided by 10.
9
What is the remainder when 34 is divided by 0 + -3 + 0 + (11 - -8)?
2
What is the remainder when 47 is divided by ((-180)/(-210))/((-1)/28*-6)?
3
Suppose 3*v - 39 = 3*o - 0*v, -5*v = 0. Let x be (2 - -17)*(-1 + 0). Let t = o - x. Calculate the remainder when 20 is divided by t.
2
Calculate the remainder when ((-4 - 39) + 4)*-1 is divided by 19.
1
Let g(p) = -p + 9. Let o be g(-6). Suppose 50 = -13*d + o*d. Calculate the remainder when 98 is divided by d.
23
Suppose 5*j - 20 - 60 = 0. Suppose k = -3*k - j. What is the remainder when (-3 + 10)*k/(-4) is divided by 5?
2
Let x be ((-3)/2)/(1/4). Let k = -2 - x. Suppose -4*b - 2*r + 4 = 0, 8 = -0*r - 2*r. What is the remainder when k is divided by b?
1
Suppose 18370 - 292 = 69*y. What is the remainder when y is divided by 24?
22
Let m(o) = -o**2 - 57*o - 599. Let j(h) = 4*h + 1. Let s be j(5). What is the remainder when m(-16) is divided by -2 + 1*s - -1?
17
Suppose 0 = 7*o - 3*o - 1788. Suppose 7*x = -104 + o. Calculate the remainder when x is divided by 17.
15
Calculate the remainder when (-44)/(-6)*6/4 is divided by -2 + (308/42 - (-3)/(-9)).
1
Let i be (217/2)/((-3)/(-6)). Suppose i = -4*h + 21. Let k = 69 + h. What is the remainder when k is divided by 7?
6
Let d(w) = -3*w - 4. Calculate the remainder when (7 - (-10)/(-2)) + 3 is divided by d(-3).
0
Let w be -5*((-246)/10 + 1). Suppose 2*t = 3*r - 227, -w = -2*t + 4*r - 342. Let n = -63 - t. What is the remainder when n is divided by 20?
15
Suppose -51*q + 56*q = 415. Calculate the remainder when q is divided by 24.
11
Suppose 2*z = -0*z + 76. Suppose -g = g - z. Calculate the remainder when g is divided by 10.
9
Let z be 1*1*5*(-2)/(-2). Suppose 0 = a + z, -l - 4*a + 0*a = -89. Calculate the remainder when l is divided by 38.
33
Suppose 10 = g - 13. Let v = g - 16. Suppose -30 = -t + v. Calculate the remainder when t is divided by 10.
7
Suppose 4*m - 73 = 31. What is the remainder when 173 is divided by m?
17
Calculate the remainder when (-7)/(-2)*-8*(-54)/24 is divided by -1 + -1 + 0 + 24.
19
Let w = 12 + 473. Calculate the remainder when w is divided by 100.
85
Suppose 3*l + 32 = 32. Suppose -2*f + 10 + 36 = l. What is the remainder when 87 is divided by f?
18
Let d = -976 + 987. What is the remainder when 392 is divided by d?
7
Let v = -1101 - -1108. Let z(x) = -x + 20. Let n(a) = a - 19. Let i(u) = -7*n(u) - 6*z(u). Calculate the remainder when i(0) is divided by v.
6
Suppose 0 = -35*y + 326 + 199. Calculate the remainder when 52 is divided by y.
7
Let f = -216 + 224. What is the remainder when 55 is divided by f?
7
Let x = -3 + 2. What is the remainder when (12/(-16))/(15/(-40)) - -14 is divided by 2 + (-2 - x)*-7?
7
Let t(u) = 11*u**2 - 39*u + 30. Let o(k) = -4*k**2 + 13*k - 10. Let a(s) = -8*o(s) - 3*t(s). What is the remainder when 117 is divided by a(5)?
27
Suppose 0 = i + 3*s - 64, 2*i - s + 39 - 202 = 0. What is the remainder when 557 is divided by i?
4
Let g(v) = -v**2 + 9*v - 6. Let j be g(8). Suppose -n + 14 = -2*b - 0, -j*n = -2*b - 32. What is the remainder when n is divided by 6?
0
Let y be (-4)/(-18) - 64/(-36). Calculate the remainder when 42 is divided by (12/16)/(y/24).
6
Let v(l) = -4*l**3 + 8*l**2 + 19*l + 8. What is the remainder when v(-5) is divided by 56?
53
What is the remainder when 289 is divided by (-72)/(-14) - (-11)/(-77)?
4
Let x be (-47 